t is the remainder when w is divided by 68?
67
Suppose 1400 = 4*n - 6*i + i, 5*n = -4*i + 1791. What is the remainder when n is divided by 96?
67
Let p be 0/(-1 + 18/(-3 - -9)). Suppose p = 12*r - 195 - 57. Calculate the remainder when 81 is divided by r.
18
Let m = 465 + -24. Suppose 0 = -3*a + 5*s + 327, 10*a - 6*a - 5*s = m. Calculate the remainder when a is divided by 35.
9
Let l(g) = -3*g + 4. Suppose 282 = -12*j + 1038. Suppose -10*r - j = -r. Calculate the remainder when l(r) is divided by 13.
12
Let p(v) = 6*v + 3. Let h(r) = -5*r - 2. Let a(z) = 4*h(z) + 3*p(z). Let t be a(-4). Suppose t*l - 326 + 2 = 0. Calculate the remainder when l is divided by 9.
0
Let o = -139 - -225. Suppose -j = 2*t - 719, -5*t - o*j + 81*j = -1795. What is the remainder when t is divided by 33?
30
Suppose 54 - 54 = -9*q. Suppose y - 4*z - 5 = q, -9*y + 3*z = -5*y - 20. Calculate the remainder when 41 is divided by y.
1
Let r(w) = -2*w + 653. What is the remainder when r(54) is divided by 76?
13
Suppose -19*h + 645 = 18. Suppose -4*g = u + u - 74, -g = u - 19. What is the remainder when h is divided by g?
15
Suppose 4*a - 23 = -3. Suppose 0 = 5*o + a*n - 170, -4*o + 2*n + 2*n = -160. Let r = o - 26. What is the remainder when 29 is divided by r?
7
Let v be (-554)/(-3) - (-5)/15. Suppose 2*c + i - 114 = 0, -c - v = -4*c + 2*i. Suppose 2*f = c + 25. Calculate the remainder when 167 is divided by f.
41
Suppose 27*n - 22*n = -d + 94, -4*d = -2*n - 200. Calculate the remainder when 446 is divided by d.
14
Let k = 266 + -209. Calculate the remainder when 219 is divided by k + -2 + (-3)/(-3).
51
Suppose -z + 354 = z - 0*z. Calculate the remainder when z is divided by 36.
33
Calculate the remainder when 187 + -11 - (5 + -4)*-3 is divided by 48.
35
Suppose 375 + 73 = 124*b - 296. Calculate the remainder when 1075 is divided by b.
1
Suppose 56 = -10*j - 84. Let p(x) = -x**3 - 14*x**2 - 7*x - 32. What is the remainder when p(j) is divided by 15?
6
Let b(g) = 59*g**2 - 78*g + 408. What is the remainder when b(5) is divided by 11?
8
Suppose 13*y - 568 + 74 = 0. Calculate the remainder when 1021 is divided by y.
33
Let j = 3436 - 3428. Calculate the remainder when 9 is divided by j.
1
Let b(q) = -2*q**2 - 135*q + 1117. Calculate the remainder when b(-71) is divided by 79.
67
Let j(x) = -4*x + 137. Let k be j(20). Suppose 2*t = 2*m + m + 66, -t - 3*m + 24 = 0. Calculate the remainder when (2 - (-724)/(-6))*k/(-38) is divided by t.
28
Let f = 176 - 92. Suppose -6*y + 10*y = f. What is the remainder when 102 is divided by y?
18
Let f(x) = x**3 - 64*x**2 + 940*x + 53. Calculate the remainder when f(42) is divided by 7.
4
Let s = 312 + -318. What is the remainder when 8/s*11/((-484)/1419) is divided by 8?
3
Let w(l) = -l**2 + 2*l + 5. Let q be w(2). Suppose 5*j = 2*g + 374, -q*j + 3*j = 4*g - 140. Calculate the remainder when j is divided by 41.
33
Suppose -14 = 2*y - 5*j, y + 9*j - 8*j = -7. Calculate the remainder when 131 - (-7 - -8 - y) is divided by 34.
21
Calculate the remainder when 2969 is divided by 3/(-2) - (-468)/84*7/2.
17
Suppose -4*f - 4*a - 209 = -897, -4*a = -2*f + 338. Suppose 47*i - f = 816. Calculate the remainder when 65 is divided by i.
2
Let w(m) = m**3 + 91*m**2 + 1634*m + 15. What is the remainder when w(-25) is divided by 125?
40
Suppose 3*f + 3*y - 89 = 940, 0 = -4*f - y + 1363. Let h = 420 - f. What is the remainder when 232 is divided by h?
72
Let d = -6 - -18. Let p(w) = -w**3 - 17*w**2 + 17*w - 16. Let u be p(-18). Suppose -5*y + u*b - b = -235, 3*b = 0. What is the remainder when y is divided by d?
11
Let a(n) = n**2 + 8*n - 16. Let y(c) = 23*c**2 + 3*c + 52. Let g be y(-5). Suppose -1716 = -8*w + g. Calculate the remainder when w is divided by a(-13).
46
Let m = -1056 - -521. Let d = 578 + m. What is the remainder when 100 is divided by d?
14
Suppose 3*m + b = 1537, m + 8*b - 531 = 3*b. Let u = m - 488. Calculate the remainder when u is divided by (-56)/(-3) + 10/(-15).
5
Let x(g) = 3*g**2 + 4*g + 5. Let o be x(5). Suppose -o = -22*m + 120. What is the remainder when 48 is divided by m?
8
Suppose 55*k + 86 - 414 = 167. Calculate the remainder when 9537 is divided by k.
6
Suppose 4*c - 1 = 11, -22 = -2*x - 4*c. Let j be 1/7 - 1757/(-49). Suppose 0 = -400*n + 402*n - j. Calculate the remainder when n is divided by x.
3
Let z = -940 - -1062. What is the remainder when z is divided by 57?
8
Let i = -478 - -525. What is the remainder when 82 is divided by i?
35
Let s = -891 - -1048. Suppose -g + 3*g = -b + 64, -b = -2*g + 64. What is the remainder when s is divided by g?
29
Let y(k) = k**3 + 5*k**2 - k + 15. Let f be y(-6). Let l(v) = -v**2 + 5*v + 3. What is the remainder when 5*(-8 - 186/f) is divided by l(5)?
1
Let p = 42 - 16. Suppose -q = 3*g - p, 0 = 4*q - 0*q + 2*g - 64. Suppose -j + q = -10. What is the remainder when 93 is divided by j?
21
Suppose 937*n - 941*n - h = -186, -h = -4*n + 190. What is the remainder when 421 is divided by n?
45
Suppose -5*q + 25 = 4*d, 3*d + 0*d - 2*q - 13 = 0. Suppose 0 + 12 = 3*m. Suppose -m = 3*h - 19. Calculate the remainder when h is divided by d.
0
Suppose -145 = -6*m + 83. Let o(q) = 101*q + 12. Let k(r) = 67*r + 8. Let s(f) = -8*k(f) + 5*o(f). Calculate the remainder when s(-5) is divided by m.
37
Let b = 6672 + -5141. What is the remainder when b is divided by 16?
11
Let b be 9/(-5 + -4) + 4. Suppose 550 = 3*d - 2*v - 844, 0 = -4*d - b*v + 1870. Calculate the remainder when d is divided by 36.
34
Suppose 4*r + 2*z = 9 + 3, 4*z - 2 = 3*r. Let l be 3/r + (85/(-10) - -7). Suppose l = 2*s - 15 - 149. What is the remainder when s is divided by 17?
14
What is the remainder when 242 is divided by (33/2)/((4/40)/((-12)/(-90)))?
0
Suppose -1201 - 1538 = -11*f. Let g = -234 + f. Calculate the remainder when 224 is divided by g.
14
Suppose -2*w - 5*z + 1584 = 0, -81*z + 77*z = 5*w - 3909. Calculate the remainder when w is divided by 48.
9
Suppose -198*h + 235909 = 132*h - 193091. What is the remainder when h is divided by 109?
101
Let a be 739 + 7/(-7) + 4. Let k = -736 + a. Suppose -8 = -z - 0*z. Calculate the remainder when z is divided by k.
2
Let s(f) = f**3 + 17*f**2 + 14. What is the remainder when s(-7) is divided by 17?
11
Let a(l) = 8*l - 112. Let x be a(27). Suppose -225*z = -223*z - x. What is the remainder when z is divided by 23?
6
What is the remainder when (858/99)/((6/1098)/1) is divided by 76?
66
Let s(c) = 58*c - 23. Suppose -17*i = -92 + 7. Calculate the remainder when s(i) is divided by 16.
11
Suppose j - 3*c - 974 = 0, 2 = 2*c - 4*c. Suppose -4*o + j = 5*d, 1 = 5*o + 6. What is the remainder when d is divided by 18?
15
Let s = -79 + 283. Suppose 4*h = 2*o - 204, 4*o - 2*o + 2*h = s. Calculate the remainder when o is divided by 8.
6
Suppose l + 5*m = -0*l - 128, -2*l - 4*m = 232. Let h = 136 + l. What is the remainder when 81 is divided by h?
25
Calculate the remainder when 284 is divided by (-7*(-10)/(-25))/((8/10)/(-4)).
4
Suppose 9364 = 254*c + 1998. What is the remainder when 2200 is divided by c?
25
Let t(i) = -2*i**3 + 8*i**3 - 5*i**2 - 5 + 8*i - 5*i**3. Suppose -5*m = 4*x - 8 - 0, -5*m + 5*x + 35 = 0. Calculate the remainder when 19 is divided by t(m).
8
Let v be ((-192)/(32/8))/((-3)/54). Let u = -701 + v. What is the remainder when u is divided by 58?
47
Suppose 27*y - 51450 + 16620 = 0. Calculate the remainder when y is divided by 19.
17
Suppose 4*z = -3*g + 305, 3*z - z + 2*g - 150 = 0. Suppose 0 = -2*u - 2*k + 6, 259 - 262 = u + 2*k. Calculate the remainder when z is divided by u.
8
Let c(b) = 4 + 0*b + 3*b + 8 + 4. Let l be c(13). Let a = 93 - l. Calculate the remainder when a is divided by 14.
10
Suppose 4*t - 48 = -2*t. Suppose -7*z + t + 909 = 0. Calculate the remainder when z is divided by 27.
23
Calculate the remainder when (-45*14/42)/((-3)/21) is divided by 36.
33
Calculate the remainder when ((-6288)/(-2751))/(2/77) is divided by 27.
7
Suppose k = 3*h - 26, 329*h + k = 326*h + 28. Calculate the remainder when 69 is divided by h.
6
Suppose 3*y - 4*y + 312984 = 53*y. Calculate the remainder when y is divided by 17.
16
Suppose -x = 3, -3*o = 3*x - 436 - 146. What is the remainder when o is divided by 1/5 - ((-87)/15 + -4)?
7
Let m = -18 - -20. Suppose 0 = 4*d - k + 5*k + 36,